2
Suppose -11 + 8 = -l, 0 = 2*y - 4*l - 70. Calculate the remainder when 119 is divided by y.
37
Suppose -2*j - 4*f + 18 = 0, -14*j + 9*j = -2*f - 81. Suppose 2*i + 2*i + 496 = 0. Let l = i + 181. What is the remainder when l is divided by j?
12
What is the remainder when (-66)/((-33)/3)*13/2 is divided by 3?
0
Let f = -23 + 24. Let a = 27 - f. Calculate the remainder when 48 is divided by a.
22
Suppose 2*i = 3*b - 8*b + 26, 0 = i + 5*b - 13. Calculate the remainder when 363 is divided by i.
12
Let p = -14 - -5. Let b = p + 5. Calculate the remainder when b/(-8)*-3*-70 is divided by 27.
24
Suppose r - 22 = 36. Suppose 2*s - 24 - 20 = 0. Let x = r - s. Calculate the remainder when x is divided by 13.
10
Suppose -5*b - 31 = 9. Let j = b - 8. Let d = j - -47. What is the remainder when d is divided by 16?
15
Let i be 66/18 - (-8)/6. Suppose i*t = -25, 3*y - 2*t - 31 = -3. Calculate the remainder when 9 is divided by y.
3
Suppose -2*f = -5*n + 773, n + 4*f - 103 = 34. Calculate the remainder when n is divided by 22.
21
Suppose 15 = -5*k, -2*w + 2*k - 2 = 6*k. What is the remainder when 39 is divided by w?
4
Suppose -5*u + 0*u + 110 = 0. Let h be 1/(-2) + 63/(-6). Let b = h + u. What is the remainder when 19 is divided by b?
8
Let k(m) = 2*m**2 + m. Let j be k(-1). Suppose 0 = 2824*z - 2842*z + 180. Calculate the remainder when (0 + -1)*j*-37 is divided by z.
7
Suppose l = v - 42 - 407, 20 = -5*l. Calculate the remainder when v is divided by 7.
4
Let q be 33/7 + 2/7. Suppose j + 16 = r + q*j, 2*r + 16 = 4*j. Suppose 3*o - 91 = -5*s, 3*o + 29 = -r*s + s. Calculate the remainder when 37 is divided by s.
17
Suppose -4*k - 3*k + 21 = 0. Suppose 76 = k*o - 80. What is the remainder when o is divided by 11?
8
Suppose 6 = 5*h - 9. Suppose 6 = m - 2*f, 0 = -h*m + m - f + 37. Let t = 179 + -170. What is the remainder when m is divided by t?
7
What is the remainder when (-2)/7 + 121/7 is divided by (40/(-15) - -4)*(-35)/20*-3?
3
Let o(w) = 100*w + 25. What is the remainder when o(1) is divided by 65?
60
Suppose t = 14 - 8. Calculate the remainder when 44 is divided by t.
2
Suppose -8*p + 630 = 70. Let q = p + -18. Let g = 16 + 2. What is the remainder when q is divided by g?
16
Suppose -i - 3*w = -6*i + 1, 3*w - 15 = -3*i. Suppose -i*m + 28 = 2*m. Let j = 30 + -18. Calculate the remainder when j is divided by m.
5
Let i = 974 - 377. What is the remainder when i is divided by 13?
12
Suppose 0 = -3*o - 2*o + 35. Suppose -3*j - 2*y + 176 = -o*y, 3*j = 4*y + 172. Suppose -j + 4 = -2*s. What is the remainder when s is divided by 13?
11
What is the remainder when 200 is divided by (8 + -4 - -1) + 62?
66
Suppose 3*i + 2*m - 77 = 0, -86 = -4*i + 3*m + 45. Let f = 79 + -20. Let a = 25 + f. What is the remainder when a is divided by i?
26
Let k = -7 + 9. Let u be 5/(10/(-4)) + k. Suppose -5*b + 4*l = -3 - 47, u = 4*b + 4*l - 40. Calculate the remainder when 29 is divided by b.
9
Calculate the remainder when 272 is divided by 7/(-4)*(93 - 105).
20
Let q = 8 + -6. Suppose -1 = -j + 2, 99 = 3*f - q*j. Suppose -9*r + 69 + 93 = 0. Calculate the remainder when f is divided by r.
17
Let a = -282 + 409. Calculate the remainder when a is divided by 8.
7
Calculate the remainder when 58 is divided by 3 - (-4)/2*9.
16
Suppose -20*n + 0*n = -600. What is the remainder when n is divided by 21?
9
Let p(c) = c**2 + 29*c - 394. What is the remainder when p(17) is divided by 13?
11
Suppose -5*m - 2*l + 29 = -4*l, -3*m + 5*l = -25. Let v = -7 + 16. What is the remainder when v is divided by m?
4
Suppose 4*v - 93 = 83. Suppose 4*n - 5*p - 37 = 15, -4*n = -3*p - v. Let m(h) = 2*h**2 + 3*h + 4. Calculate the remainder when m(-3) is divided by n.
5
Let c be (9/3)/((-2)/62). Let m = 168 + c. Let o(k) = k**2 + 6*k + 19. Calculate the remainder when m is divided by o(-6).
18
Let n be 56/10*(-975)/30. Let y(x) = -12*x**2 - 2*x - 2. Let d be y(-3). Let w = d - n. What is the remainder when w is divided by 20?
18
What is the remainder when 288 is divided by (5 + -1 - 0)*588/48?
43
Let h(a) = -31*a - 246. What is the remainder when h(-14) is divided by 29?
14
Suppose -2*u - 1404 = -6*u. Suppose 92*q - 9364 = -3292. Calculate the remainder when q is divided by u/21 - 2/(-7).
15
Suppose 3721 = -32*r + 14505. What is the remainder when r is divided by 13?
12
Let a(u) = -u + 6. Let h(l) = l**2 - 3*l - 4. Let j be h(4). Let c be a(j). Calculate the remainder when 15 is divided by (c - 4)*(-2)/(-1).
3
Suppose -4*q - 8 = -a, -q - 3 = -a - 2*q. Suppose -5*v = -4*s - 817, -a*v = 4*s - 324 - 344. What is the remainder when v is divided by 42?
39
Let x(l) = 2*l**2 + 77*l + 2183. Calculate the remainder when x(0) is divided by 23.
21
Let v = -16 + 13. What is the remainder when 36*-10*(-1)/6 is divided by v/6*(-42)/1?
18
Suppose 1125 + 723 = 11*v. Calculate the remainder when v is divided by 61.
46
Let u = 71 - 25. What is the remainder when u is divided by 24?
22
Suppose 0*t - 99 = -t. Suppose -r - 5*c + t = 0, -6*r + 426 = -r + 2*c. Suppose -3*j = j - r. What is the remainder when j is divided by 12?
9
Let a = 11 + -8. Let i be 2/(-4)*(-7 + a). Suppose -3*f + 105 = i*f. What is the remainder when f is divided by 12?
9
Let s be (-21)/(-9) + 6/(-18). Suppose -62 = -3*q - s. Calculate the remainder when q is divided by 11.
9
Let c(a) = 3*a**2 + a + 1. Suppose 2*h = 3*u - 6*u + 25, 3*h + 29 = 5*u. Suppose 0 = -u*g - 3 + 31. Calculate the remainder when g is divided by c(-1).
1
Suppose -3*u - 15 = 0, -3*u - 26 + 5 = -c. What is the remainder when 131 is divided by c?
5
Suppose 3*d + 0 - 9 = -2*k, -3*k - 12 = -4*d. Suppose 68 = d*y - 133. Calculate the remainder when y is divided by 17.
16
Let q(h) = 2*h + 2. Let g = -22 + 28. What is the remainder when 54 is divided by q(g)?
12
Let f = 21 + 60. Suppose -228 = 78*i - f*i. What is the remainder when i is divided by 27?
22
Let m(i) = -1 + 13*i + 20 - i**2 - 6. What is the remainder when 48 is divided by m(13)?
9
Let h = 68 + 47. What is the remainder when h is divided by 13?
11
Let s = -1587 + 1660. What is the remainder when s is divided by 12/3*30/8?
13
Let n(p) = p - 3. Let t be n(8). Suppose t*k - 34 + 4 = 0. Suppose 5*b + 305 = 3*i, 95 = i + b - k*b. What is the remainder when i is divided by 27?
24
Suppose -426 = -3*z - 336. What is the remainder when 148 is divided by z?
28
Suppose 4*w + 72 - 192 = 0. Let c(l) = l**2 + 5*l + 2. Let d(h) = h**2 + 5*h - 2. Let k be d(-4). Calculate the remainder when w is divided by c(k).
6
Suppose -9*c - 2417 = -14*c - 3*y, 0 = 4*c + 4*y - 1932. Calculate the remainder when c is divided by 142.
58
Let j be (-6 - -2)*(-57)/(-4). Let d = -32 - j. What is the remainder when 97 is divided by d?
22
Suppose 5*n + 3*q - 1578 = 0, -n + 4*q = -207 - 104. What is the remainder when n is divided by 101?
12
What is the remainder when 122 is divided by 26 - 3*(25/3)/5?
17
Let u(s) = -15*s - 5. What is the remainder when u(-9) is divided by 0 + 0 + 23 + 4/(-4)?
20
Let s = 1856 + -1761. What is the remainder when s is divided by 80?
15
Let g = 73 + -53. Let f be (0 - 6)*10/(-4). Let h = g - f. What is the remainder when 13 is divided by h?
3
Let n(u) = u**2 - 2*u - 11. Let j be ((-1)/(-2))/(3 + (-19)/6). Suppose 10 = 5*g, 0*g = 4*f - 4*g - 44. Calculate the remainder when f is divided by n(j).
1
Suppose -115 = 24*c - c. What is the remainder when 26 is divided by (-3)/((-3)/7) + c?
0
Calculate the remainder when 0 - -184 - 144/(-24) is divided by 22.
14
Suppose 268 = 3*d + 160. Calculate the remainder when d is divided by 25.
11
What is the remainder when 68 is divided by (-1)/((-3)/(-30)*(-8)/4)?
3
Suppose 0 = -0*m + 4*m + 8. Let l = 0 - m. Suppose 2*y + 2*r - 6 = -r, 4*y + l*r = 28. Calculate the remainder when 25 is divided by y.
7
Suppose 0 = -5*j + 2*t + 69, -15 = -j - 2*t + 3*t. What is the remainder when 347 is divided by j?
9
Let t(o) = o**2 - 7*o + 14. Let j = 48 + -37. What is the remainder when t(9) is divided by j?
10
Suppose 0 = -4*q - 2 - 10, -2*f - 3*q + 229 = 0. Calculate the remainder when f is divided by 31.
26
Suppose 27*n - 1972 = -2*n. Calculate the remainder when n is divided by 20.
8
Suppose -431 = -6*g + 379. What is the remainder when g is divided by 32?
7
Let m be (-51)/57 + 1 - 6480/190. Let x(d) = -3*d**3 + 